{"id":5476,"date":"2009-12-10T16:42:46","date_gmt":"2009-12-10T14:42:46","guid":{"rendered":"http:\/\/www.ttsitalia.it\/?page_id=5476"},"modified":"2009-12-10T16:42:46","modified_gmt":"2009-12-10T14:42:46","slug":"seminario-%e2%80%9ctecnologie-e-sistemi-a-servizio-della-mobilita-sostenibile-nella-citta%e2%80%9d","status":"publish","type":"page","link":"https:\/\/www.ttsitalia.it\/en\/seminario-%e2%80%9ctecnologie-e-sistemi-a-servizio-della-mobilita-sostenibile-nella-citta%e2%80%9d\/","title":{"rendered":"Seminario: \u201cTecnologie e sistemi a servizio della mobilit\u00e0 sostenibile nella citt\u00e0\u201d"},"content":{"rendered":"<p>20 maggio 2009<br \/>\nIl 20 Maggio, a Bergamo, si \u00e8 tenuto il seminario nazionale dal titolo \u201cTecnologie e sistemi a servizio della mobilit\u00e0 sostenibile nella citt\u00e0- dalle centrali della mobilit\u00e0 ai nuovi scenari di sviluppo tecnologico\u201d, organizzato dall\u2019ATB Mobilit\u00e0 di Bergamo. Alla sessione mattutina, hanno preso parte, tra gli altri, Antonio Falvo di Atac, socio fondatore di TTS Italia e Paolo D\u2019Angelo, di 5T Torino, socio ordinario di TTS Italia. Entrambi hanno illustrato le esperienze delle centrali per la mobilit\u00e0 in Italia, nelle rispettive citt\u00e0 di interesse. La sessione pomeridiana \u00e8 stata invece presieduta da Emilio Cera, Chairman del Comitato Tecnico Scientifico di TTS Italia e, tra gli altri, ha visto gli interventi di numerosi soci ordinari di TTS Italia: Andreas Hummer, di Kapsch-busi, Giovanni Di Mopoli, PluService, Roberto Balduini, Octo Telematics, Silvio Merli, ElsagDatamat e di Fernando Capozzi, di Mizar Automazione, socio fondatore di TTS Italia. Tema centrale della giornata, il governo della mobilit\u00e0 in ambito urbano, fattore chiave per il miglioramento della vivibilit\u00e0 e della sostenibilit\u00e0 territoriale. La principale conferma \u00e8 riscontrabile nel progressivo sviluppo e nella crescente attenzione rivolta dalle Pubbliche Amministrazioni ai modelli ed alle tecnologie applicate alla gestione delle flotte, al monitoraggio della circolazione veicolare, al controllo della viabilit\u00e0 e delle regole per l\u2019accesso ai centri abitati. Per approfondire questo contesto in rapida evoluzione il workshop si \u00e8 posto l\u2019obiettivo di creare un tavolo di confronto che a partire dalle best practices nazionali individui i possibili traguardi di medio periodo volti a garantire una reale interoperabilit\u00e0 dei sistemi.<\/p>\n","protected":false},"excerpt":{"rendered":"<p>20 maggio 2009 Il 20 Maggio, a Bergamo, si \u00e8 tenuto il seminario nazionale dal titolo \u201cTecnologie e sistemi a servizio della mobilit\u00e0 sostenibile nella citt\u00e0- dalle centrali della mobilit\u00e0 ai nuovi scenari di sviluppo tecnologico\u201d, organizzato dall\u2019ATB Mobilit\u00e0 di Bergamo. Alla sessione mattutina, hanno preso parte, tra gli altri, Antonio Falvo di Atac, socio&hellip; <a class=\"more-link\" href=\"https:\/\/www.ttsitalia.it\/en\/seminario-%e2%80%9ctecnologie-e-sistemi-a-servizio-della-mobilita-sostenibile-nella-citta%e2%80%9d\/\">Continue reading <span class=\"screen-reader-text\">Seminario: \u201cTecnologie e sistemi a servizio della mobilit\u00e0 sostenibile nella citt\u00e0\u201d<\/span><\/a><\/p>\n","protected":false},"author":4,"featured_media":0,"parent":0,"menu_order":0,"comment_status":"closed","ping_status":"closed","template":"","meta":{"_uag_custom_page_level_css":""},"uagb_featured_image_src":{"full":false,"thumbnail":false,"medium":false,"medium_large":false,"large":false,"1536x1536":false,"2048x2048":false,"post-thumbnail":false},"uagb_author_info":{"display_name":"laura","author_link":"https:\/\/www.ttsitalia.it\/en\/author\/laura\/"},"uagb_comment_info":0,"uagb_excerpt":"20 maggio 2009 Il 20 Maggio, a Bergamo, si \u00e8 tenuto il seminario nazionale dal titolo \u201cTecnologie e sistemi a servizio della mobilit\u00e0 sostenibile nella citt\u00e0- dalle centrali della mobilit\u00e0 ai nuovi scenari di sviluppo tecnologico\u201d, organizzato dall\u2019ATB Mobilit\u00e0 di Bergamo. Alla sessione mattutina, hanno preso parte, tra gli altri, Antonio Falvo di Atac, socio&hellip;&hellip;","_links":{"self":[{"href":"https:\/\/www.ttsitalia.it\/en\/wp-json\/wp\/v2\/pages\/5476"}],"collection":[{"href":"https:\/\/www.ttsitalia.it\/en\/wp-json\/wp\/v2\/pages"}],"about":[{"href":"https:\/\/www.ttsitalia.it\/en\/wp-json\/wp\/v2\/types\/page"}],"author":[{"embeddable":true,"href":"https:\/\/www.ttsitalia.it\/en\/wp-json\/wp\/v2\/users\/4"}],"replies":[{"embeddable":true,"href":"https:\/\/www.ttsitalia.it\/en\/wp-json\/wp\/v2\/comments?post=5476"}],"version-history":[{"count":2,"href":"https:\/\/www.ttsitalia.it\/en\/wp-json\/wp\/v2\/pages\/5476\/revisions"}],"predecessor-version":[{"id":5478,"href":"https:\/\/www.ttsitalia.it\/en\/wp-json\/wp\/v2\/pages\/5476\/revisions\/5478"}],"wp:attachment":[{"href":"https:\/\/www.ttsitalia.it\/en\/wp-json\/wp\/v2\/media?parent=5476"}],"curies":[{"name":"wp","href":"https:\/\/api.w.org\/{rel}","templated":true}]}}

Seminario: “Tecnologie e sistemi a servizio della mobilità sostenibile nella città”

<p>20 maggio 2009<br />
Il 20 Maggio, a Bergamo, si è tenuto il seminario nazionale dal titolo “Tecnologie e sistemi a servizio della mobilità sostenibile nella città- dalle centrali della mobilità ai nuovi scenari di sviluppo tecnologico”, organizzato dall’ATB Mobilità di Bergamo. Alla sessione mattutina, hanno preso parte, tra gli altri, Antonio Falvo di Atac, socio fondatore di TTS Italia e Paolo D’Angelo, di 5T Torino, socio ordinario di TTS Italia. Entrambi hanno illustrato le esperienze delle centrali per la mobilità in Italia, nelle rispettive città di interesse. La sessione pomeridiana è stata invece presieduta da Emilio Cera, Chairman del Comitato Tecnico Scientifico di TTS Italia e, tra gli altri, ha visto gli interventi di numerosi soci ordinari di TTS Italia: Andreas Hummer, di Kapsch-busi, Giovanni Di Mopoli, PluService, Roberto Balduini, Octo Telematics, Silvio Merli, ElsagDatamat e di Fernando Capozzi, di Mizar Automazione, socio fondatore di TTS Italia. Tema centrale della giornata, il governo della mobilità in ambito urbano, fattore chiave per il miglioramento della vivibilità e della sostenibilità territoriale. La principale conferma è riscontrabile nel progressivo sviluppo e nella crescente attenzione rivolta dalle Pubbliche Amministrazioni ai modelli ed alle tecnologie applicate alla gestione delle flotte, al monitoraggio della circolazione veicolare, al controllo della viabilità e delle regole per l’accesso ai centri abitati. Per approfondire questo contesto in rapida evoluzione il workshop si è posto l’obiettivo di creare un tavolo di confronto che a partire dalle best practices nazionali individui i possibili traguardi di medio periodo volti a garantire una reale interoperabilità dei sistemi.</p>

<p>20 maggio 2009 Il 20 Maggio, a Bergamo, si è tenuto il seminario nazionale dal titolo “Tecnologie e sistemi a servizio della mobilità sostenibile nella città- dalle centrali della mobilità ai nuovi scenari di sviluppo tecnologico”, organizzato dall’ATB Mobilità di Bergamo. Alla sessione mattutina, hanno preso parte, tra gli altri, Antonio Falvo di Atac, socio&hellip; <a class="more-link" href="https://www.ttsitalia.it/en/seminario-%e2%80%9ctecnologie-e-sistemi-a-servizio-della-mobilita-sostenibile-nella-citta%e2%80%9d/">Continue reading <span class="screen-reader-text">Seminario: “Tecnologie e sistemi a servizio della mobilità sostenibile nella città”</span></a></p>

20 maggio 2009 Il 20 Maggio, a Bergamo, si è tenuto il seminario nazionale dal titolo “Tecnologie e sistemi a servizio della mobilità sostenibile nella città- dalle centrali della mobilità ai nuovi scenari di sviluppo tecnologico”, organizzato dall’ATB Mobilità di Bergamo. Alla sessione mattutina, hanno preso parte, tra gli altri, Antonio Falvo di Atac, socio&hellip;&hellip;
